{"id":1330,"date":"2017-08-21T15:10:28","date_gmt":"2017-08-21T13:10:28","guid":{"rendered":"http:\/\/cortedacqua.it\/das-gebiet\/regionalpark-von-euganean-huegeln\/arqua-petrarca\/"},"modified":"2018-01-16T16:29:03","modified_gmt":"2018-01-16T15:29:03","slug":"arqua-petrarca","status":"publish","type":"page","link":"https:\/\/cortedacqua.it\/de\/das-gebiet\/regionalpark-von-euganean-huegeln\/arqua-petrarca\/","title":{"rendered":"Arqu\u00e0 Petrarca"},"content":{"rendered":"<p>Arqu\u00e0 Petrarca ist eine kleine mittelalterliche Gemeinde (mit etwa 2000 Einwohnern), wo der Dichter Francesco Petrarca die letzten Jahre seines Lebens verbracht hat.<\/p>\n<p>Der heutige Ortskern bewahrt sein Aussehen aus dem 14. Jahrhundert. Dank seiner suggestiven mittelalterlichen Erscheinung ist Arqu\u00e0 Petrarca Mitglied der Vereinigung \u201eDie sch\u00f6nsten Orte Italiens\u201c, an zweiter Stelle.<\/p>\n<p>Hier sind einige Sehensw\u00fcrdigkeiten:<\/p>\n<ul>\n<li>Das Petrarca-Haus<\/li>\n<li>Oratorium der Allerheiligsten Dreifaltigkeit und Loggia dei Vicari, die Kirche, die dem Dichter sehr lieb war, in die er ging, um zu beten<\/li>\n<li>Santa Maria Assunta Kirche<\/li>\n<li>Brunnen und Grabmal des Petrarcas<\/li>\n<li>Laghetto della Costa \u2013 Costasee (UNESCO-Welterbe). Der See entstand in der fr\u00fchen Bronzezeit und ist von so gro\u00dfer kultureller und landschaftlicher Bedeutung, dass er unter dem Titel &#8222;Pr\u00e4historische Pfahlbauten des Alpenbogens&#8220; in die UNESCO-Liste aufgenommen wurde<\/li>\n<li>Die Musikstiftung Masiero und Centanin hat seinen Sitz in der Villa Centanin. Man kann dort eine \u00a0Ausstellung von antiken Klavieren des achtzehnten und neunzehnten Jahrhunderts besuchen, einschlie\u00dflich Fl\u00fcgen, Pianino und andere ungew\u00f6hnliche Klavieren<\/li>\n<\/ul>\n<p>&nbsp;<\/p>\n<p><strong>F\u00fcr weitere Informationen<\/strong>:\u00a0<a href=\"http:\/\/www.arquapetrarca.com\/en\/what-to-see\/\">http:\/\/www.arquapetrarca.com\/en\/what-to-see\/<\/a><\/p>\n","protected":false},"excerpt":{"rendered":"<p>Arqu\u00e0 Petrarca ist eine kleine mittelalterliche Gemeinde (mit etwa 2000 Einwohnern), wo der Dichter Francesco Petrarca die letzten Jahre seines Lebens verbracht hat. Der heutige Ortskern bewahrt sein Aussehen aus dem 14. Jahrhundert. Dank seiner suggestiven mittelalterlichen Erscheinung ist Arqu\u00e0 Petrarca Mitglied der Vereinigung \u201eDie sch\u00f6nsten Orte Italiens\u201c, an zweiter Stelle. Hier sind einige Sehensw\u00fcrdigkeiten: [&hellip;]<\/p>\n","protected":false},"author":1,"featured_media":564,"parent":1128,"menu_order":40,"comment_status":"closed","ping_status":"closed","template":"","meta":{"_acf_changed":false,"footnotes":""},"class_list":["post-1330","page","type-page","status-publish","has-post-thumbnail","hentry"],"acf":[],"_links":{"self":[{"href":"https:\/\/cortedacqua.it\/de\/wp-json\/wp\/v2\/pages\/1330","targetHints":{"allow":["GET"]}}],"collection":[{"href":"https:\/\/cortedacqua.it\/de\/wp-json\/wp\/v2\/pages"}],"about":[{"href":"https:\/\/cortedacqua.it\/de\/wp-json\/wp\/v2\/types\/page"}],"author":[{"embeddable":true,"href":"https:\/\/cortedacqua.it\/de\/wp-json\/wp\/v2\/users\/1"}],"replies":[{"embeddable":true,"href":"https:\/\/cortedacqua.it\/de\/wp-json\/wp\/v2\/comments?post=1330"}],"version-history":[{"count":2,"href":"https:\/\/cortedacqua.it\/de\/wp-json\/wp\/v2\/pages\/1330\/revisions"}],"predecessor-version":[{"id":1335,"href":"https:\/\/cortedacqua.it\/de\/wp-json\/wp\/v2\/pages\/1330\/revisions\/1335"}],"up":[{"embeddable":true,"href":"https:\/\/cortedacqua.it\/de\/wp-json\/wp\/v2\/pages\/1128"}],"wp:featuredmedia":[{"embeddable":true,"href":"https:\/\/cortedacqua.it\/de\/wp-json\/wp\/v2\/media\/564"}],"wp:attachment":[{"href":"https:\/\/cortedacqua.it\/de\/wp-json\/wp\/v2\/media?parent=1330"}],"curies":[{"name":"wp","href":"https:\/\/api.w.org\/{rel}","templated":true}]}}

Arquà Petrarca

<p>Arquà Petrarca ist eine kleine mittelalterliche Gemeinde (mit etwa 2000 Einwohnern), wo der Dichter Francesco Petrarca die letzten Jahre seines Lebens verbracht hat.</p>
<p>Der heutige Ortskern bewahrt sein Aussehen aus dem 14. Jahrhundert. Dank seiner suggestiven mittelalterlichen Erscheinung ist Arquà Petrarca Mitglied der Vereinigung „Die schönsten Orte Italiens“, an zweiter Stelle.</p>
<p>Hier sind einige Sehenswürdigkeiten:</p>
<ul>
<li>Das Petrarca-Haus</li>
<li>Oratorium der Allerheiligsten Dreifaltigkeit und Loggia dei Vicari, die Kirche, die dem Dichter sehr lieb war, in die er ging, um zu beten</li>
<li>Santa Maria Assunta Kirche</li>
<li>Brunnen und Grabmal des Petrarcas</li>
<li>Laghetto della Costa – Costasee (UNESCO-Welterbe). Der See entstand in der frühen Bronzezeit und ist von so großer kultureller und landschaftlicher Bedeutung, dass er unter dem Titel &#8222;Prähistorische Pfahlbauten des Alpenbogens&#8220; in die UNESCO-Liste aufgenommen wurde</li>
<li>Die Musikstiftung Masiero und Centanin hat seinen Sitz in der Villa Centanin. Man kann dort eine  Ausstellung von antiken Klavieren des achtzehnten und neunzehnten Jahrhunderts besuchen, einschließlich Flügen, Pianino und andere ungewöhnliche Klavieren</li>
</ul>
<p>&nbsp;</p>
<p><strong>Für weitere Informationen</strong>: <a href="http://www.arquapetrarca.com/en/what-to-see/">http://www.arquapetrarca.com/en/what-to-see/</a></p>

<p>Arquà Petrarca ist eine kleine mittelalterliche Gemeinde (mit etwa 2000 Einwohnern), wo der Dichter Francesco Petrarca die letzten Jahre seines Lebens verbracht hat. Der heutige Ortskern bewahrt sein Aussehen aus dem 14. Jahrhundert. Dank seiner suggestiven mittelalterlichen Erscheinung ist Arquà Petrarca Mitglied der Vereinigung „Die schönsten Orte Italiens“, an zweiter Stelle. Hier sind einige Sehenswürdigkeiten: [&hellip;]</p>
